t d be 8/(-28) - (-80)/(-14). Let b = 8 + d. Give l(b).
5
Suppose 3*j = 3 + 9. Let v(f) = -13*f**2 - j*f + 4*f + 4*f**2 - f. Give v(1).
-10
Let z(h) = 4*h + 81 - h**3 - 5*h**2 - 79 + 3*h. What is z(-6)?
-4
Let y = 15 - 7. Suppose y = -2*o, o - 8 = -2*n + 2*o. Let m(q) = 3*q**2 + 3*q**n - 5*q**2 + 10*q**3. Give m(1).
11
Let g(n) = n - 10. Let x be g(13). Let r(f) be the second derivative of f**4/12 - f**3/2 - 2*f**2 + 3*f. What is r(x)?
-4
Suppose -3*w = -u - 7, 5*w - 3*u - 1 - 8 = 0. Let g(x) = -x**3 + 4*x**2 - 3*x + 3. What is g(w)?
3
Let f(w) = w - 1. Let j(t) = t**2 - 7*t - 3. Let d be j(9). Suppose 2*m + 0*q - q = d, 2*q = -3*m + 12. What is f(m)?
5
Suppose -d + m = -0*m, 0 = d - 3*m + 6. Let o(k) = k. What is o(d)?
3
Let w(m) be the first derivative of m**3/3 + m**2 - 3*m - 4. What is w(2)?
5
Let z(y) = y**2 - 5*y - 1. Let u(o) = o**3 + 6*o**2 - 9*o - 10. Let g be u(-7). Determine z(g).
-5
Let r(n) = -1 + 10*n - 5*n**2 + 3*n**2 + n - n**2. Let f(l) = 8*l**2 - 32*l + 3. Let j(g) = 4*f(g) + 11*r(g). Give j(-7).
1
Let k(w) be the third derivative of w**6/120 - w**5/10 - w**4/3 + 4*w**3/3 + 10*w**2. Calculate k(7).
1
Let w(c) be the first derivative of c**5/60 - c**3/3 + c**2 - 2. Let r(s) be the second derivative of w(s). Determine r(2).
2
Let a(t) = 5*t + 55. Let g be a(-10). Let j(i) = -i**3 + 6*i**2 - 4*i - 5. Determine j(g).
0
Let r(a) = -a**3 - a + 12. Suppose 0*y + 3*y - 4*x + 8 = 0, -2 = -x. Calculate r(y).
12
Let y(s) = -4 + 11*s + 11*s + s**3 + 4*s**2 - 23*s. Let n(v) = -v**2 - 7*v - 5. Let d be n(-4). Let a = 4 - d. Give y(a).
8
Let u = 2 - 0. Suppose 5*c - 2*t + 5 = 3*t, c = u*t + 1. Let y(n) = n**2 + 3*n + 4. What is y(c)?
4
Let g(v) be the third derivative of 0 + v**3 - 1/6*v**4 + 5*v**2 + 0*v + 1/60*v**5. Give g(5).
11
Let n(i) = -i - 1. Let y(b) = -6*b + 5. Let o(d) = 4*n(d) + y(d). Give o(1).
-9
Let z(k) = -k**2 + 9*k + 6. Let p be z(10). Let l(a) = a**2 + 3*a - 5. Calculate l(p).
-1
Let i(o) = o**2 + 2*o - 1. Suppose -12 = 3*b, -2*c + 4 = -6*c - 3*b. Suppose 5*l = -t - 4 - 8, c*l = 2*t. Give i(l).
-1
Let b(y) = -2*y**3 + y**2 - 3*y - 1. Let m(v) = v**3 - v**2 - 1. Let d(x) = -b(x) - 3*m(x). What is d(4)?
-16
Let m(o) = -15*o + 13. Let r(c) = 7*c - 6. Let l(n) = 6*m(n) + 13*r(n). What is l(3)?
3
Suppose 4 + 9 = 3*p - 5*a, 0 = -5*p + 4*a + 13. Let s(x) = -9*x. Calculate s(p).
-9
Let t(s) be the third derivative of -s**6/120 + s**5/30 - s**3/6 + s**2. Determine t(2).
-1
Let l(y) = -2*y**3 - 7*y**2 - y + 7. Let h(r) = r**3 + 4*r**2 + r - 4. Let d(g) = -7*h(g) - 3*l(g). What is d(-6)?
-5
Let k(z) be the third derivative of z**5/30 - z**4/24 - 2*z**3/3 + 35*z**2. Give k(3).
11
Suppose -4*n + 5*n - 4*o + 1 = 0, -3*n + 21 = -4*o. Let z(y) = 0 - 2 - n - 13*y. Let f(i) = 7*i + 7. Let a(t) = 11*f(t) + 6*z(t). Calculate a(5).
-6
Let o(b) = b**2 + 5 - 2 + 7*b - 4. Give o(-6).
-7
Let z(j) = j**2 + 7*j + 3. Let a = 5 + -5. Suppose a = -w - w + 2*v - 20, 2*v = -w - 7. Let r = -14 - w. What is z(r)?
-7
Let w(h) = 2*h - 1. Let r be w(-1). Let f be (-1)/(r/(-15) + 0). Let c(o) = -o**2 - 5*o - 5. Determine c(f).
-5
Let d(k) = k**3 - k**2 - 9*k - 1. Let w(p) = p**2 - p - 1. Let b(u) = -d(u) + 3*w(u). Determine b(5).
3
Let k(m) be the first derivative of -9*m**2/2 - 51. Calculate k(-2).
18
Let c(o) = -o**3 + 5*o**2 - 5*o + 6. Let u be c(4). Let w(v) = v - 2*v**u - 4*v + 2*v. Suppose 4*t - 2*p = 0, -3*t - 4 = -5*t + 2*p. Determine w(t).
-6
Let w(g) = g**2 - 3*g - 5. Let a = 3 + 3. Suppose -j = -a - 2. Suppose 3*b - j*b = -25. Determine w(b).
5
Let c(p) = 3*p**2 + 0*p + 0*p. Let x(a) = -2*a - 6. Let v be x(-5). Let g = v + -5. Calculate c(g).
3
Let k be 1 - (-6 + 3/1). Suppose -k*s - 11 = 1. Let d(x) = x**2 + 3*x - 4. Calculate d(s).
-4
Let c(h) = h - 3. Let z be c(6). Suppose -10 = z*o - 4*n, 1 = 3*o - 2*n + 3. Let d(m) = 3*m**2 - 4*m**o - 4 + 5. Determine d(-1).
0
Let a(w) = w**2 - 5*w + 3. Let s be a(5). Suppose -3*r + 4*r = 0. Let k(v) = 1 - 4 + r*v - 4*v + 2*v. Give k(s).
-9
Let i(w) = w. Suppose 6 = 2*s - 0*o + 2*o, -5*o = -10. Suppose 7 + s = 2*d. Give i(d).
4
Let r(d) = d**2 + 4*d + 3. Suppose -5 - 3 = -j - 3*n, 5*n - 32 = 3*j. Calculate r(j).
3
Let a(c) = -2*c**2 - c. Let r(p) = -p**3 + 10*p**2 + 9*p + 24. Let z be r(11). Calculate a(z).
-10
Let a(q) = -q**3 + 7*q**2 + q + 4. Suppose 2*y = 5*y + 42. Let w be (y*(-2)/(-4))/(-1). What is a(w)?
11
Let h(n) = 3*n**2 - n + 1. Let f be h(1). Let z(j) = -3*j - 18*j**3 - 3*j**2 + 1 - 16*j**3 + 35*j**3. Give z(f).
-8
Let z(s) = -s**2 - 7*s. Suppose -4*t = -7 - 5. Suppose -2 = -2*b + t*b + c, 0 = -3*b - 5*c. Give z(b).
10
Let v(i) = -i**3 - 3*i**2 + 6*i + 6. Let q be v(-4). Let p(o) = -6 - o**3 + 2*o**2 - 3*o**2 + 4. Calculate p(q).
2
Let j(a) = 2*a. Suppose w + 3*w = 12. Suppose y + 2*x = 4*x - 9, w*x = -4*y - 3. What is j(y)?
-6
Let m(r) = 13 + 1 - r - 10. Determine m(0).
4
Suppose -8*l + 3*l = -15. Let q(u) = u**3 - 3*u**2 - u - 1. Calculate q(l).
-4
Let n(r) = 5*r**2 - 6 + r - r**3 + 1 + 4. Suppose -3*h = 2*h - 2*p - 56, 4*h - p = 43. Let y be 4/h + 207/45. Calculate n(y).
4
Let r(g) = -g + 2. Let b be r(-6). Let l(t) = t + t**3 + b - 8 - 3*t**2. Give l(3).
3
Let b(m) be the third derivative of m**6/120 + m**5/10 - 5*m**3/6 + m**2. Suppose 3*u + 3*w = -33, -2*w + 7 = -3*u - 1. Determine b(u).
-5
Let t = -3 + 5. Let q = 3 + t. Let m(a) = 4*a - 4*a**2 + 2*a - 3 + a**3 + 0*a**2 - 2*a**2. What is m(q)?
2
Let t(u) = -2*u**3 - 2. Let h be t(-2). Suppose 0 = w - 6 - h. Let k be 35/w + 1/4. Let o(m) = m**3 - 2*m**2 - m - 1. Give o(k).
-3
Let v = -17 + 18. Let r(k) = 7*k**2 + 2*k - 1. Give r(v).
8
Let w(c) = c**3 - 9*c**2 + c - 2. Let g(r) = -r**3 + 10*r**2 - r + 3. Let l(j) = -5*g(j) - 6*w(j). Suppose 15 = 3*o + 2*o. What is l(o)?
3
Let g(l) = l**2 - 5. Let x(k) = -k**2 + 6*k + 1. Let b be x(6). Let o = -1 + b. Suppose -3*s = -o*s. Calculate g(s).
-5
Let g(m) = 4*m**2 - 1. Suppose 2*v + 0 = 6. Suppose -9 = 3*l + v*p, 6*p - 3*p + 4 = 2*l. Give g(l).
3
Let v(f) = f**3 + 7*f**2 + 8*f - 8. Let z be v(-4). Let p(b) = b**3 - 7*b**2 - 7*b - 7. Give p(z).
1
Let p(c) = -c**3 + 4*c**2 - c + 3. Let a be (-1)/(2*4/(-24)). Determine p(a).
9
Let f(i) = 5*i**2 + 2*i + 1. Let k be 27/12*2*2. Let a = -10 + k. Give f(a).
4
Let g(u) = -u**2 + 2*u + 4. Suppose -2*y + 4 + 4 = 0. Suppose y*w - 16 = -0*w. What is g(w)?
-4
Let y(g) = 2*g**2. Suppose 0 = x + 5*u - 16 - 7, -2*u = 5*x - 23. Determine y(x).
18
Let t(k) = k + 3. Let s(r) = -r**3 + 3*r**2 - r + 2. Let n be s(2). Let y = 1 + n. Suppose -y*g + 8 = 28. Calculate t(g).
-1
Let x be (-1)/2*4 + -1. Let j(t) = -t**2 + t + 4. Calculate j(x).
-8
Let p = 114 + -167. Let n be p/11 + (-10)/55. Let x(f) = 2*f + 4. Calculate x(n).
-6
Let d(r) = -3*r - 4. Suppose -2*m + 5*x + 14 = 0, 1 = -5*m - 4*x - 30. Determine d(m).
5
Suppose 8*y - 3*y + 15 = 0. Let g(i) be the third derivative of i**6/120 + i**5/20 - 2*i**3/3 - 149*i**2. Give g(y).
-4
Let v(d) = d**3 + 3*d**2 - d - 2. Let s(l) = l**3 + 3*l**2 - l - 3. Let h be (-150)/(-54) - (-4)/18. Let i(o) = h*s(o) - 4*v(o). Give i(-2).
-7
Let y(g) be the first derivative of -2*g**3/3 + 2*g - 5. Determine y(2).
-6
Let h(w) = -w**2 - 7*w - 6. Let l(x) = 2*x**2 + 13*x + 12. Let b(v) = 5*h(v) + 2*l(v). What is b(-6)?
12
Let x be 4/(-16) - (-18)/8. Let y(r) = r**3 - x + 6 - 6*r**2 + 2 + 3*r. Determine y(5).
-4
Let u(k) = -5*k**3 - 4*k + k**3 + 4*k**2 + 3*k**3 + 2*k**3 + 2. Let b = -18 - 0. Let p = b + 13. Calculate u(p).
-3
Let i(u) = u - 1. Let h(o) = 14*o - 16. Let j(c) = -h(c) + 12*i(c). What is j(-3)?
10
Let t(g) be the third derivative of g**6/120 - g**5/20 - g**4/12 - 5*g**2. Give t(2).
-8
Let x(j) = -j - 1. Let g(b) = -9*b - 1. Let z(c) = -g(c) + 6*x(c). Suppose -15*p + 14*p + 5 = 0. Determine z(p).
10
Let p(q) be the second derivative of q**7/840 - q**6/60 + q**5/120 + q**3/2 - q. Let d(f) be the second derivative of p(f). Calculate d(6).
6
Let h(n) be the third derivative of -n**5/60 - n**4/24 + 4*n**3/3 - n**2. What is h(0)?
8
Let f(o) = -4*o + 9. Let l(x) = -2*x + 5. Let z(t) = -6*f(t) + 10*l(t). Determine z(6).
20
Let u be 14/8 + (-5)/(-20). Suppose 0 = z - 0 - 2. Suppose u*q + 13 = z*a + a, -5*a = 4*q - 29. Let k(r) = -r**2 + 7*r - 2. What is k(a)?
8
Suppose 0 = -2*w + 6 - 18. Let n be (-10)/15 + 26/w. Let s(j) be the first de